{"id":22241,"date":"2024-05-14T14:03:54","date_gmt":"2024-05-14T17:03:54","guid":{"rendered":"https:\/\/securitycontrol.com.br\/loja\/?post_type=product&#038;p=22241"},"modified":"2024-05-14T14:07:53","modified_gmt":"2024-05-14T17:07:53","slug":"lampada-led-inteligente-wi-fi-e27-intelbras-ews-410","status":"publish","type":"product","link":"https:\/\/securitycontrol.com.br\/loja\/produto\/lampada-led-inteligente-wi-fi-e27-intelbras-ews-410\/","title":{"rendered":"L\u00e2mpada LED Inteligente Wi-Fi E27 Intelbras EWS 410"},"content":{"rendered":"<div class=\"av-container\">\n<div class=\"av-row\">\n<div class=\"av-col-xs-24\">\n<div class=\"product-details-content description-content selected\">\n<div class=\"productDescription\">Controle sua ilumina\u00e7\u00e3o por voz ou na palma da sua m\u00e3o atrav\u00e9s do aplicativo IzySmart. O EWS 410, l\u00e2mpada LED Wi-fi Smart, al\u00e9m de ser uma l\u00e2mpada controlada remotamente, disp\u00f5e de fun\u00e7\u00f5es como: mudan\u00e7a da cor da luz, dimeriza\u00e7\u00e3o, agenda, cron\u00f4metro, cen\u00e1rio e m\u00fasica. Automa\u00e7\u00f5es resid\u00eanciais tamb\u00e9m s\u00e3o fact\u00edveis com esse produto, de forma a satisfazer a sua criatividade atrav\u00e9s de nosso aplicativo.<\/div>\n<\/div>\n<\/div>\n<\/div>\n<\/div>\n<div class=\"av-container details-blocks__container\">\n<div class=\"details-blocks__wrapper\">\n<div class=\"details-block details-block__1\">\n<div class=\"av-row\">\n<div class=\"details-block__img\" data-detail=\"Produto--bloco-1-imagem\"><\/div>\n<div class=\"details-block__content\">\n<div class=\"details-block__content-title\">\n<div data-detail=\"Produto--bloco-1-titulo\"><\/div>\n<div class=\"details-block__content--title\" data-detail=\"Produto--bloco-1-titulo\">Torne sua casa inteligente de forma pr\u00e1tica<\/div>\n<\/div>\n<div class=\"details-block__content--text\" data-detail=\"Produto--bloco-1-descricao\">Descubra as facilidades da L\u00e2mpada LED Smart Wi-Fi Intelbras.<\/div>\n<\/div>\n<\/div>\n<\/div>\n<div class=\"details-block details-block__2\">\n<div class=\"av-row\">\n<div class=\"details-block__content\">\n<div class=\"details-block__content-title\">\n<div class=\"details-block__content--title\" data-detail=\"Produto--bloco-2-titulo\">Controle a intensidade da ilumina\u00e7\u00e3o<\/div>\n<\/div>\n<div class=\"details-block__content--text\" data-detail=\"Produto--bloco-2-descricao\">S\u00e3o mais de 16 milh\u00f5es de cores a sua escolha. Voc\u00ea pode optar por uma ilumina\u00e7\u00e3o mais suave ou mais intensa.<\/div>\n<div data-detail=\"Produto--bloco-2-descricao\"><\/div>\n<\/div>\n<\/div>\n<\/div>\n<div class=\"details-block details-block__3\">\n<div class=\"av-row\">\n<div class=\"details-block__content\">\n<div class=\"details-block__content-title\">\n<div data-detail=\"Produto--bloco-3-titulo\"><\/div>\n<div class=\"details-block__content--title\" data-detail=\"Produto--bloco-3-titulo\">A instala\u00e7\u00e3o \u00e9 simples!<\/div>\n<\/div>\n<div class=\"details-block__content--text\" data-detail=\"Produto--bloco-3-descricao\">Basta encaixar a l\u00e2mpada no bocal padr\u00e3o e configurar o aplicativo Izy Smart. Pronto, agora voc\u00ea tem o controle da ilumina\u00e7\u00e3o em suas m\u00e3os.<\/div>\n<\/div>\n<\/div>\n<\/div>\n<div class=\"details-block details-block__4\">\n<div class=\"av-row\">\n<div class=\"details-block__content\">\n<div class=\"details-block__content-title\">\n<div class=\"details-block__content--title\" data-detail=\"Produto--bloco-4-titulo\">Crie cen\u00e1rios de acordo com sua prefer\u00eancia<\/div>\n<\/div>\n<div class=\"details-block__content--text\" data-detail=\"Produto--bloco-4-descricao\">Personalize os momentos especiais de seu dia a dia ajustando a cor da ilumina\u00e7\u00e3o do ambiente.<\/div>\n<\/div>\n<div class=\"details-block__img\" data-detail=\"Produto--bloco-4-imagem\"><\/div>\n<\/div>\n<\/div>\n<div class=\"details-block details-block__5\">\n<div class=\"av-row\">\n<div class=\"details-block__img\" data-detail=\"Produto--bloco-5-imagem\"><\/div>\n<\/div>\n<\/div>\n<\/div>\n<\/div>\n","protected":false},"excerpt":{"rendered":"<p>Controle sua ilumina\u00e7\u00e3o por voz ou na palma da sua m\u00e3o atrav\u00e9s do aplicativo IzySmart. O EWS 410, l\u00e2mpada LED Wi-fi Smart, al\u00e9m de ser uma l\u00e2mpada controlada remotamente, disp\u00f5e de fun\u00e7\u00f5es como: mudan\u00e7a da cor da luz, dimeriza\u00e7\u00e3o, agenda, cron\u00f4metro, cen\u00e1rio e m\u00fasica. Automa\u00e7\u00f5es resid\u00eanciais tamb\u00e9m s\u00e3o fact\u00edveis com esse produto, de forma a [&hellip;]<\/p>\n","protected":false},"featured_media":22242,"comment_status":"open","ping_status":"closed","template":"","meta":[],"product_cat":[102],"product_tag":[106,104,105],"jetpack_sharing_enabled":true,"_links":{"self":[{"href":"https:\/\/securitycontrol.com.br\/loja\/wp-json\/wp\/v2\/product\/22241"}],"collection":[{"href":"https:\/\/securitycontrol.com.br\/loja\/wp-json\/wp\/v2\/product"}],"about":[{"href":"https:\/\/securitycontrol.com.br\/loja\/wp-json\/wp\/v2\/types\/product"}],"replies":[{"embeddable":true,"href":"https:\/\/securitycontrol.com.br\/loja\/wp-json\/wp\/v2\/comments?post=22241"}],"wp:featuredmedia":[{"embeddable":true,"href":"https:\/\/securitycontrol.com.br\/loja\/wp-json\/wp\/v2\/media\/22242"}],"wp:attachment":[{"href":"https:\/\/securitycontrol.com.br\/loja\/wp-json\/wp\/v2\/media?parent=22241"}],"wp:term":[{"taxonomy":"product_cat","embeddable":true,"href":"https:\/\/securitycontrol.com.br\/loja\/wp-json\/wp\/v2\/product_cat?post=22241"},{"taxonomy":"product_tag","embeddable":true,"href":"https:\/\/securitycontrol.com.br\/loja\/wp-json\/wp\/v2\/product_tag?post=22241"}],"curies":[{"name":"wp","href":"https:\/\/api.w.org\/{rel}","templated":true}]}}